the third derivative of c**6/120 - 7*c**5/60 + c**4/24 + 17*c**3/6 - 263*c**2 + 2*c. What is i(6)?
-13
Let i(j) = j**3 + 4*j**2 - j - 4. Let n(h) = -h**3 - 49*h**2 - 21*h - 1026. Let b be n(-49). What is i(b)?
56
Let l(n) = 25*n**2 + 45*n - 19 - 8*n**2 - 3*n**2 - 10*n**2 + 2*n**2. Determine l(-8).
5
Suppose -3*k - 5*y = 1, 0 = -4*k + y + y + 42. Suppose -3*v + 5*g = -29, -3*v - v = 5*g + k. Let t(a) = 0*a - 3*a + 3*a - v*a + 3. Give t(-5).
18
Let v(d) = 4*d**3 - 15*d**2 - 2*d + 15. Let f(i) = 2*i**3 - 8*i**2 - i + 8. Let u(z) = z**2 + 4*z - 25. Let g be u(-7). Let x(j) = g*v(j) + 7*f(j). Give x(3).
-19
Let o(a) be the third derivative of -a**4 + 5*a**3/3 + 13*a**2. Let f be o(-2). Let x = f - 52. Let q(u) = -u**3 + 7*u**2 - 6*u + 4. Give q(x).
4
Let u(l) = 5*l**3 + 4*l**2 - 8*l + 17. Let n(z) = 4*z**3 + 4*z**2 - 7*z + 18. Let b(j) = -6*n(j) + 5*u(j). What is b(4)?
-15
Suppose 26 + 31 = 19*c. Suppose 5*f = -c*f + 32. Let k(y) = y**3 - 6*y**2 + 4*y + 4. What is k(f)?
-12
Let u(c) = 230 - 47 - 183 - 7*c**3. Determine u(-1).
7
Let y(o) be the third derivative of 0*o + 0 + 122*o**2 - 1/12*o**4 - 1/2*o**3 + 1/60*o**5. Calculate y(-2).
5
Let k = -20 - -26. Suppose 0*j + 3*j = 9, 12 = d + 2*j. Let s(l) = 6*l - d - l**3 + 5*l**2 + 16 - 9. Give s(k).
1
Let n(u) = u**3 + 7*u**2 - 6*u + 19. Suppose 33*q = 66*q + 264. Calculate n(q).
3
Let c(i) be the second derivative of i**3/6 - 3*i**2 + 2*i. Let j be c(10). Suppose -3*u = -j*u + 3. Let y(n) = -n**3 + 5*n**2 - 3*n - 2. What is y(u)?
7
Suppose -3*i = -c + 3*c + 1, 4*i = 5*c + 37. Let l(n) = 1 - 7449*n**2 + 7449*n**2 + 4*n**i. Let v = -8 - -7. Give l(v).
-3
Let p(l) = l**3 + 8*l**2 + 6*l - 6. Let q(s) = 1. Let x(a) = -a**2 - 11*a + 2. Let j = 31 - 28. Let k(u) = j*q(u) + x(u). Let t be k(-12). Calculate p(t).
1
Let n(k) be the third derivative of -k**4/6 + k**3/6 + 6*k**2. Let y = -42 - -46. Suppose 3*x = -9, y*r + 15 = r - 4*x. Determine n(r).
5
Let j(c) = c**3 + 6*c**2 + c + 3. Let o(t) = t**3 + 12*t**2 - 13*t + 4. Let l be o(-13). Suppose 0 = -l*i + 150 + 42. Suppose -r - 7*r = i. Give j(r).
-3
Let c be ((-6 - -197) + 5)*(-2)/(-4). Suppose -17*b = -c - 4. Let z(s) = -s + 6. Give z(b).
0
Let z(d) = -d**3 - 5*d**2 - 4*d. Let a = -56 + 58. Suppose 3*o + 15 = -a*p, -3*o = 4*p - p + 18. What is z(o)?
-6
Let x(a) be the third derivative of -a**5/60 + a**4/2 + a**3/6 + 2*a**2 + 330*a. Give x(9).
28
Let h be (4487/(-294) - -5) + 10 + 6/14. Let k(u) be the third derivative of -h*u**3 + 0*u + 0 + 12*u**2 + 0*u**4 - 7/20*u**5. Calculate k(-1).
-22
Let f = -93 - -92. Let l(m) be the first derivative of -2*m**3 - m**2 - 2*m + 641. Calculate l(f).
-6
Let j(b) be the third derivative of -b**6/120 - 7*b**5/30 - 11*b**4/24 + 4*b**3 - 5*b**2 - 324*b. Determine j(-13).
-2
Let u(p) = -6*p**2 + 2*p + 28. Let x(o) = -13*o**2 + 3*o + 55. Let m(r) = 11*u(r) - 5*x(r). What is m(14)?
-65
Let b(v) = 43*v. Let w(a) = -11*a. Let r(z) = -b(z) - 4*w(z). What is r(0)?
0
Let m(l) be the third derivative of -l**5/30 + 7*l**4/8 + 3*l**3/2 + 474*l**2. Calculate m(11).
-2
Let z(r) = r**2 + 6*r + 2. Let l(y) = 4*y + 3. Let k(g) = -l(g) + z(g). Suppose -4*h + 5*n - 18 = 3*n, 0 = h + 4*n - 18. Determine k(h).
-1
Let z(s) = 8*s - 2. Suppose 58 = -149*i - 240. Calculate z(i).
-18
Let p(b) = -13*b. Let i = -180 - -182. Let u be i/(-3 - (-3 + 1)). Determine p(u).
26
Let t(n) = -2*n**3 - 1. Let o(c) = 7*c**3 + 2*c**2 - c - 2. Let v(s) = o(s) + 2*t(s). Determine v(-2).
-18
Let q(z) = 79*z - 20 + z**2 + 51 + 10 - 66*z. What is q(-9)?
5
Let v(p) = -2*p**3 - 8*p**2 - p - 7. Suppose 5*f = 3*h - 28 - 21, 5*h = -f + 35. Let y be -1 + h/6 + (-845)/195. Determine v(y).
-3
Suppose 13 = 3*p + 4. Suppose 2*b + p = 3*b, 5*b - 24 = 3*v. Let z(i) = 2 - 1 + 3 - 3 + 2*i. What is z(v)?
-5
Let r be (-24)/(-36)*-1*3/2. Let s(t) = -6*t - 2. Let l be s(r). Let f(m) = m**3 - 4*m**2 - m - 1. What is f(l)?
-5
Let i be 1598/188*2/(-1). Let t(s) = -s - 15. Calculate t(i).
2
Let s(v) = -2*v**2 + 28*v + 3. Let u(y) = -5*y**2 + 234*y - 170. Let h be u(46). Give s(h).
3
Let i(s) = -4 + 11*s + 14*s - 28*s + 9 + 4. Give i(3).
0
Suppose 0 = -2*z + 4*r + 108, -z = -5*r + 8 - 59. Suppose 39*i - 47*i = -z. Let x(m) = -m**2 + 6*m. Give x(i).
-7
Let i(n) = -n**3 - n**2 + 5*n. Let x(g) = -5*g**3 + 18*g - 1. Let u(f) = -4*i(f) + x(f). Let p(d) = d**3 - 5*d**2 - 4*d - 8. Let k be p(6). Determine u(k).
-9
Suppose 5*y + 57 = -3*j, y + 2*j + 3*j + 29 = 0. Let l(q) = -3*q - 25. Let m be l(y). Let u(o) = 0 + o + 9*o**3 + 0 + m*o**2 + 6*o**3. What is u(-1)?
-14
Let a(w) = -w**3 + 6*w**2 + 7*w - 6. Suppose -185 = -6*u + 67. Let s = u + -37. Suppose 7*i - 5*f = 3*i + 13, -s*f = -5*i + 20. Calculate a(i).
-6
Let t(f) = -8*f - 38. Let p be t(-5). Let y(k) = -6 - 2*k**p + 0*k**2 + 51*k - 41*k + 3*k**2. What is y(-11)?
5
Let y(w) = 42*w**2 + 2*w**3 - 6*w**3 - w + 9*w - 47*w**2 + 3*w**3 + 15. What is y(-6)?
3
Suppose 5*q - 315 = 2*f - 15, 0 = 3*q + 2*f - 180. Suppose 10*r = 5*r + q. Let t(u) = -12*u**2 + u**3 - 1726*u - 15 - 1724*u + 3451*u. Calculate t(r).
-3
Let i(s) = -8 - 72*s + 2*s**2 + 0*s**2 - 71*s + 135*s + 23*s**2. Give i(-1).
25
Suppose 12 = z + 4*g, 4*g - 14 = -3*z + 6. Let b(r) = r**3 + r**2 + 2*r. Let m(j) = -4*j**3 + 2*j**2 - 5*j + 5. Let w(t) = -3*b(t) - m(t). What is w(z)?
-25
Suppose 57*h - 256 = 59*h - 34*h. Let s(c) = -c**3 + 9*c**2 - 14*c + 17. Determine s(h).
-31
Let a(g) = -g**2 - 8*g - 13. Suppose -4*b = 5*m + 22, 5*m + 132*b + 20 = 127*b. What is a(m)?
-1
Let h be (5*-1)/(-2 + 2/(-4)). Suppose h*v + 4*l = 8*l + 28, -3*v - 3*l = -24. Let x(t) = -v - t**3 - 15*t - 24*t + 8*t**2 + 34*t. Determine x(7).
4
Let w(g) be the second derivative of g**3/6 + 7*g**2/2 + 3845*g. Suppose 2*r - 5*r - k + 23 = 0, 3*r - k - 13 = 0. What is w(r)?
13
Suppose 4 = 2*j + 2*u, -j + 0*u = 3*u - 2. Let d(r) = 4 + 5 - 17 - 3 + r - j. Give d(7).
-6
Let f(y) = -5*y - 4*y**2 - 3*y - y**3 - 4*y**2 - 4. Let n be (1 + 3)*-1*2/(-2). Let i(o) = -o**3 + 4*o**2 - 2*o + 1. Let b be i(n). Give f(b).
3
Let y(g) = -29*g**2 + 34*g - 12. Let h(q) = 17*q**2 - 16*q + 6. Let l(j) = 5*h(j) + 3*y(j). Give l(11).
-6
Let x be (84/49 - -2) + 4/14. Let v(b) = b - 5*b**3 - b**3 + 10*b**2 + 10*b**3 + x - 3*b**3 + 3. What is v(-10)?
-3
Let o = 121 - 89. Let y(k) = 34 - 69 + 4*k**2 + k + k**3 + o. Let z = -9 + 6. Determine y(z).
3
Let t(x) = x**3 - 20*x**2 + 5. Let j(f) = -f**3 - 37*f**2 - 130*f + 86. Let d be j(-33). What is t(d)?
5
Suppose 0 = -2*s - 4*r + 12, -5*s = -0*s + 4*r - 18. Let f(c) = -3 + 173*c**2 + 4 - 174*c**s + 6*c. Calculate f(6).
1
Let t(h) = h**2 + 3*h - 5. Suppose -5*i = 3*n - 9*i + 156, -2*i + 104 = -2*n. Suppose 0 = 4*k - 89 - 99. Let d = k + n. Determine t(d).
5
Let h(m) = 2*m - 13. Let r(g) = -g + 6. Let x(j) = -6*h(j) - 13*r(j). Suppose -5*p + 34 = -3*w, 2*p + 2*w = 6*w + 22. Suppose p*o = -22*o - o. Determine x(o).
0
Let o(x) = -x + 6. Suppose -372 = -51*y + 47*y. Let f = y - 93. What is o(f)?
6
Let n = -8 + 0. Let k(d) = -80*d**3 + 234*d**3 - 74*d**3 - 6*d - 3 - 79*d**3 + 7*d**2. Give k(n).
-19
Let l(f) be the first derivative of f**5/24 + f**4/8 + 5*f**3/3 + 5*f**2 + 99. Let p(r) be the third derivative of l(r). What is p(-4)?
-17
Let s(a) = -4*a**2 - 4*a**2 + 85*a**2 + 11*a - 4 - 7 - 78*a**2. Let i be (2/(-5))/(5/(-125)). What is s(i)?
-1
Let r(p) = 309*p + 306. Let z be r(-1). Let v(d) = -2*d**3 - 9*d**2 - 6*d + 6. Give v(z).
-3
Let c(h) = 3*h**2 - 3*h - 272. Let r be c(10). Let z(s) = -16*s - 1. Give z(r).
31
Let z(b) = -3*b - 64. Suppose 2*l - 73 = 3*s, 0 = -2*s - 31*l + 28*l - 27. Give z(s).
-1
Let v(a) = 2*a**3 + 7*a**2 + 5*a - 1. Suppose 9*b + 0*b = -2520. Let k = 276 + b. Give v(k).
-37
Let n(c) = -3*c**3 - c**2 + 6*c. Let j(k) = 10*k**3 + 4*k**2 - 21*k + 1. Let d(q) = -2*j(q) - 7*n(q). Give d(3).
16
Suppose -4*r + 15 = 7, 4*r - 28 = 5*l. Let b(f) = f**2 + 3*f + 2. Give b(l).
6
Let j(r) be the third derivative of 1/120*r**6 + 1/20*r**5 + 0 + 1/6*r**3 + 1/8*r**4 + 0*r - 90*r**2. Give j(-3).
-8
Let m = 7861 - 7845. Let v(z) = 2*z**2 - 34*z + 26. Determine v(m).
-6
Suppose -41*p = -112*p - 426. Let t(f) = -f**2 + 3*f + 6. Let m be t(4). Let k(b) = 0 - 1 + m*b - 6. Determine k(p).
-19
Let q be (-576)/480 - 58/10 - -30. Let b(x) = 3*x**2 - 9*x + 9. Let g be b(8). Let h(r) = -129*r - q*r**2 + g*r. 